{"id":921,"date":"2016-09-21T15:47:15","date_gmt":"2016-09-21T18:47:15","guid":{"rendered":"http:\/\/atuaria.sites.uff.br\/?page_id=921"},"modified":"2016-09-21T15:47:15","modified_gmt":"2016-09-21T18:47:15","slug":"nota-final","status":"publish","type":"page","link":"http:\/\/atuaria.sites.uff.br\/?page_id=921","title":{"rendered":"Nota Final"},"content":{"rendered":"<p>Nota do aluno, registrada no Resumo Semestral, que poder\u00e1 resultar ou da m\u00e9dia aritm\u00e9tica simples ou ponderada das verifica\u00e7\u00f5es \u00e0s quais o aluno foi submetido, excetuada a da Verifica\u00e7\u00e3o Suplementar.<\/p>\n","protected":false},"excerpt":{"rendered":"<p>Nota do aluno, registrada no Resumo Semestral, que poder\u00e1 resultar ou da m\u00e9dia aritm\u00e9tica simples ou ponderada das verifica\u00e7\u00f5es \u00e0s quais o aluno foi submetido, excetuada a da Verifica\u00e7\u00e3o Suplementar.<\/p>\n","protected":false},"author":47,"featured_media":0,"parent":0,"menu_order":0,"comment_status":"closed","ping_status":"closed","template":"","meta":{"_exactmetrics_skip_tracking":false,"_exactmetrics_sitenote_active":false,"_exactmetrics_sitenote_note":"","_exactmetrics_sitenote_category":0,"footnotes":""},"categories":[],"tags":[],"class_list":["post-921","page","type-page","status-publish","hentry"],"_links":{"self":[{"href":"http:\/\/atuaria.sites.uff.br\/index.php?rest_route=\/wp\/v2\/pages\/921","targetHints":{"allow":["GET"]}}],"collection":[{"href":"http:\/\/atuaria.sites.uff.br\/index.php?rest_route=\/wp\/v2\/pages"}],"about":[{"href":"http:\/\/atuaria.sites.uff.br\/index.php?rest_route=\/wp\/v2\/types\/page"}],"author":[{"embeddable":true,"href":"http:\/\/atuaria.sites.uff.br\/index.php?rest_route=\/wp\/v2\/users\/47"}],"replies":[{"embeddable":true,"href":"http:\/\/atuaria.sites.uff.br\/index.php?rest_route=%2Fwp%2Fv2%2Fcomments&post=921"}],"version-history":[{"count":1,"href":"http:\/\/atuaria.sites.uff.br\/index.php?rest_route=\/wp\/v2\/pages\/921\/revisions"}],"predecessor-version":[{"id":922,"href":"http:\/\/atuaria.sites.uff.br\/index.php?rest_route=\/wp\/v2\/pages\/921\/revisions\/922"}],"wp:attachment":[{"href":"http:\/\/atuaria.sites.uff.br\/index.php?rest_route=%2Fwp%2Fv2%2Fmedia&parent=921"}],"wp:term":[{"taxonomy":"category","embeddable":true,"href":"http:\/\/atuaria.sites.uff.br\/index.php?rest_route=%2Fwp%2Fv2%2Fcategories&post=921"},{"taxonomy":"post_tag","embeddable":true,"href":"http:\/\/atuaria.sites.uff.br\/index.php?rest_route=%2Fwp%2Fv2%2Ftags&post=921"}],"curies":[{"name":"wp","href":"https:\/\/api.w.org\/{rel}","templated":true}]}}