{"id":876,"date":"2016-09-19T17:42:44","date_gmt":"2016-09-19T20:42:44","guid":{"rendered":"http:\/\/atuaria.sites.uff.br\/?page_id=876"},"modified":"2016-09-19T17:42:44","modified_gmt":"2016-09-19T20:42:44","slug":"documentacao-necessaria-5","status":"publish","type":"page","link":"http:\/\/atuaria.sites.uff.br\/?page_id=876","title":{"rendered":"Documenta\u00e7\u00e3o Necess\u00e1ria"},"content":{"rendered":"<p>I.  Declara\u00e7\u00e3o informando que o aluno \u00e9 prov\u00e1vel formando;<\/p>\n<p>II.  Hist\u00f3rico Escolar atualizado;<\/p>\n<p>III.  Carta expondo os motivos pelos quais desejam cursar a nova gradua\u00e7\u00e3o.<\/p>\n","protected":false},"excerpt":{"rendered":"<p>I. Declara\u00e7\u00e3o informando que o aluno \u00e9 prov\u00e1vel formando; II. Hist\u00f3rico Escolar atualizado; III. Carta expondo os motivos pelos quais desejam cursar a nova gradua\u00e7\u00e3o.<\/p>\n","protected":false},"author":47,"featured_media":0,"parent":0,"menu_order":0,"comment_status":"closed","ping_status":"closed","template":"","meta":{"_exactmetrics_skip_tracking":false,"_exactmetrics_sitenote_active":false,"_exactmetrics_sitenote_note":"","_exactmetrics_sitenote_category":0,"footnotes":""},"categories":[],"tags":[],"class_list":["post-876","page","type-page","status-publish","hentry"],"_links":{"self":[{"href":"http:\/\/atuaria.sites.uff.br\/index.php?rest_route=\/wp\/v2\/pages\/876","targetHints":{"allow":["GET"]}}],"collection":[{"href":"http:\/\/atuaria.sites.uff.br\/index.php?rest_route=\/wp\/v2\/pages"}],"about":[{"href":"http:\/\/atuaria.sites.uff.br\/index.php?rest_route=\/wp\/v2\/types\/page"}],"author":[{"embeddable":true,"href":"http:\/\/atuaria.sites.uff.br\/index.php?rest_route=\/wp\/v2\/users\/47"}],"replies":[{"embeddable":true,"href":"http:\/\/atuaria.sites.uff.br\/index.php?rest_route=%2Fwp%2Fv2%2Fcomments&post=876"}],"version-history":[{"count":1,"href":"http:\/\/atuaria.sites.uff.br\/index.php?rest_route=\/wp\/v2\/pages\/876\/revisions"}],"predecessor-version":[{"id":877,"href":"http:\/\/atuaria.sites.uff.br\/index.php?rest_route=\/wp\/v2\/pages\/876\/revisions\/877"}],"wp:attachment":[{"href":"http:\/\/atuaria.sites.uff.br\/index.php?rest_route=%2Fwp%2Fv2%2Fmedia&parent=876"}],"wp:term":[{"taxonomy":"category","embeddable":true,"href":"http:\/\/atuaria.sites.uff.br\/index.php?rest_route=%2Fwp%2Fv2%2Fcategories&post=876"},{"taxonomy":"post_tag","embeddable":true,"href":"http:\/\/atuaria.sites.uff.br\/index.php?rest_route=%2Fwp%2Fv2%2Ftags&post=876"}],"curies":[{"name":"wp","href":"https:\/\/api.w.org\/{rel}","templated":true}]}}