{"id":866,"date":"2016-09-19T17:40:07","date_gmt":"2016-09-19T20:40:07","guid":{"rendered":"http:\/\/atuaria.sites.uff.br\/?page_id=866"},"modified":"2016-09-19T17:40:07","modified_gmt":"2016-09-19T20:40:07","slug":"procedimento-8","status":"publish","type":"page","link":"http:\/\/atuaria.sites.uff.br\/?page_id=866","title":{"rendered":"Procedimento"},"content":{"rendered":"<p>I.  Verificar per\u00edodo de solicita\u00e7\u00e3o no Calend\u00e1rio Escolar.<\/p>\n<p>II.  Solicitar em forma de processo no Protocolo Setorial do Valonguinho (PSV), com os documentos necess\u00e1rios anexados.<\/p>\n<p>Protocolo Setorial do Valonguinho (PSV)<\/p>\n<p>End.: Alameda Professor Barros Terra s\/n\u00ba<\/p>\n<p>(antigo Centro de Estudos Gerais- CEG)<\/p>\n<p>Tel.: (21) 2629-9963 \/ (21) 2629-9964<\/p>\n<p>III.  Acompanhar o andamento pelo site sistemas.uff.br\/protocolo.<\/p>\n","protected":false},"excerpt":{"rendered":"<p>I. Verificar per\u00edodo de solicita\u00e7\u00e3o no Calend\u00e1rio Escolar. II. Solicitar em forma de processo no Protocolo Setorial do Valonguinho (PSV), com os documentos necess\u00e1rios anexados. Protocolo Setorial do Valonguinho (PSV) End.: Alameda Professor Barros Terra s\/n\u00ba (antigo Centro de Estudos Gerais- CEG) Tel.: (21) 2629-9963 \/ (21) 2629-9964 III. Acompanhar o andamento pelo site sistemas.uff.br\/protocolo.<\/p>\n","protected":false},"author":47,"featured_media":0,"parent":0,"menu_order":0,"comment_status":"closed","ping_status":"closed","template":"","meta":{"_exactmetrics_skip_tracking":false,"_exactmetrics_sitenote_active":false,"_exactmetrics_sitenote_note":"","_exactmetrics_sitenote_category":0,"footnotes":""},"categories":[],"tags":[],"class_list":["post-866","page","type-page","status-publish","hentry"],"_links":{"self":[{"href":"http:\/\/atuaria.sites.uff.br\/index.php?rest_route=\/wp\/v2\/pages\/866","targetHints":{"allow":["GET"]}}],"collection":[{"href":"http:\/\/atuaria.sites.uff.br\/index.php?rest_route=\/wp\/v2\/pages"}],"about":[{"href":"http:\/\/atuaria.sites.uff.br\/index.php?rest_route=\/wp\/v2\/types\/page"}],"author":[{"embeddable":true,"href":"http:\/\/atuaria.sites.uff.br\/index.php?rest_route=\/wp\/v2\/users\/47"}],"replies":[{"embeddable":true,"href":"http:\/\/atuaria.sites.uff.br\/index.php?rest_route=%2Fwp%2Fv2%2Fcomments&post=866"}],"version-history":[{"count":1,"href":"http:\/\/atuaria.sites.uff.br\/index.php?rest_route=\/wp\/v2\/pages\/866\/revisions"}],"predecessor-version":[{"id":867,"href":"http:\/\/atuaria.sites.uff.br\/index.php?rest_route=\/wp\/v2\/pages\/866\/revisions\/867"}],"wp:attachment":[{"href":"http:\/\/atuaria.sites.uff.br\/index.php?rest_route=%2Fwp%2Fv2%2Fmedia&parent=866"}],"wp:term":[{"taxonomy":"category","embeddable":true,"href":"http:\/\/atuaria.sites.uff.br\/index.php?rest_route=%2Fwp%2Fv2%2Fcategories&post=866"},{"taxonomy":"post_tag","embeddable":true,"href":"http:\/\/atuaria.sites.uff.br\/index.php?rest_route=%2Fwp%2Fv2%2Ftags&post=866"}],"curies":[{"name":"wp","href":"https:\/\/api.w.org\/{rel}","templated":true}]}}