{"id":864,"date":"2016-09-19T17:39:41","date_gmt":"2016-09-19T20:39:41","guid":{"rendered":"http:\/\/atuaria.sites.uff.br\/?page_id=864"},"modified":"2017-07-31T17:49:36","modified_gmt":"2017-07-31T20:49:36","slug":"no-regulamento-8","status":"publish","type":"page","link":"http:\/\/atuaria.sites.uff.br\/?page_id=864","title":{"rendered":"No Regulamento"},"content":{"rendered":"<p>Art. 41- A solicita\u00e7\u00e3o de Rematr\u00edcula \u00e9 facultada ao ex-discente cuja matr\u00edcula foi cancelada, e assim registrada no sistema acad\u00eamico, devendo ser apresentada junto \u00e0 PROGRAD\/DAE, que protocolizar\u00e1 e efetuar\u00e1 a an\u00e1lise t\u00e9cnica para a verifica\u00e7\u00e3o da viabilidade de retorno. Em caso afirmativo, ser\u00e1 feito o encaminhamento ao Colegiado do Curso para an\u00e1lise e parecer sobre o pedido.<\/p>\n<p>\u00a7 1o &#8211; Para a an\u00e1lise t\u00e9cnica da solicita\u00e7\u00e3o, dever\u00e3o ser atendidas integralmente todas as condi\u00e7\u00f5es abaixo descritas:<\/p>\n<p>a) Ter sido a sua matr\u00edcula cancelada h\u00e1, no m\u00e1ximo, 3 (tr\u00eas) anos;<\/p>\n<p>b) Dispor de n\u00fameros de per\u00edodos letivos suficientes para a integraliza\u00e7\u00e3o curricular, respeitando-se o prazo estabelecido como tempo m\u00e1ximo previsto pelo curso, n\u00e3o sendo permitida a solicita\u00e7\u00e3o de dilata\u00e7\u00e3o de prazo, nem de Mudan\u00e7a de Curso\/Localidade;<\/p>\n<p>c) N\u00e3o ter sido a matr\u00edcula cancelada por insufici\u00eancia de aproveitamento no per\u00edodo de ingresso, por motivo disciplinar ou por solicita\u00e7\u00e3o oficial do pr\u00f3prio discente.<\/p>\n<p>\u00a7 2o &#8211; Aos portadores de necessidades especiais, desde que justificadas e com parecer favor\u00e1vel da Coordena\u00e7\u00e3o de Aten\u00e7\u00e3o Integral \u00e0 Sa\u00fade e Qualidade de Vida (CASQ), poder\u00e1 ser concedida a amplia\u00e7\u00e3o de prazo, superior ao referido na al\u00ednea b do par\u00e1grafo 1o desse Artigo.<\/p>\n<p>\u00a7 3o &#8211; N\u00e3o ser\u00e3o contabilizados, para fins de c\u00e1lculo de prazo remanescente, os per\u00edodos em que o discente permaneceu com a matr\u00edcula cancelada.<\/p>\n<p>\u00a7 4 o &#8211; No Acompanhamento Acad\u00eamico do discente, a quantidade de trancamentos de matr\u00edcula usufru\u00eddos e de per\u00edodos cursados, com ou sem aproveitamento na vig\u00eancia da matr\u00edcula anterior, ser\u00e3o contabilizados na nova matr\u00edcula, visando ao controle do tempo de integraliza\u00e7\u00e3o curricular, conforme estabelecido no item b do par\u00e1grafo 1 o deste Artigo.<\/p>\n<p>\u00a7 5 o &#8211; O discente que n\u00e3o proceder \u00e0 inscri\u00e7\u00e3o em disciplinas no per\u00edodo aprovado para sua rematr\u00edcula ter\u00e1 sua nova matr\u00edcula cancelada.<\/p>\n<p>\u00a7 6 o &#8211; Caso o discente tenha tido sua matr\u00edcula cancelada por ter 4 (quatro) reprova\u00e7\u00f5es em uma mesma disciplina, e tenha sua rematr\u00edcula aprovada, ele ter\u00e1 direito de cursar esta disciplina ainda uma vez, sendo que a reprova\u00e7\u00e3o na mesma implicar\u00e1 no novo cancelamento de sua matr\u00edcula.<\/p>\n<p>\u00a7 7 o &#8211; O discente que tiver sua matr\u00edcula cancelada por abandono, caso tenha sua rematr\u00edcula aprovada, n\u00e3o poder\u00e1 trancar sua matr\u00edcula at\u00e9 a conclus\u00e3o do curso.<\/p>\n<p>\u00a7 8 o &#8211; O benef\u00edcio da rematr\u00edcula s\u00f3 poder\u00e1 ser concedido uma \u00fanica vez e a nova matr\u00edcula s\u00f3 ser\u00e1 efetivada no per\u00edodo letivo imediatamente posterior \u00e0 data de concess\u00e3o deste benef\u00edcio.<\/p>\n","protected":false},"excerpt":{"rendered":"<p>Art. 41- A solicita\u00e7\u00e3o de Rematr\u00edcula \u00e9 facultada ao ex-discente cuja matr\u00edcula foi cancelada, e assim registrada no sistema acad\u00eamico, devendo ser apresentada junto \u00e0 PROGRAD\/DAE, que protocolizar\u00e1 e efetuar\u00e1 a an\u00e1lise t\u00e9cnica para a verifica\u00e7\u00e3o da viabilidade de retorno. Em caso afirmativo, ser\u00e1 feito o encaminhamento ao Colegiado do Curso para an\u00e1lise e parecer [&hellip;]<\/p>\n","protected":false},"author":47,"featured_media":0,"parent":0,"menu_order":0,"comment_status":"closed","ping_status":"closed","template":"","meta":{"_exactmetrics_skip_tracking":false,"_exactmetrics_sitenote_active":false,"_exactmetrics_sitenote_note":"","_exactmetrics_sitenote_category":0,"footnotes":""},"categories":[],"tags":[],"class_list":["post-864","page","type-page","status-publish","hentry"],"_links":{"self":[{"href":"http:\/\/atuaria.sites.uff.br\/index.php?rest_route=\/wp\/v2\/pages\/864","targetHints":{"allow":["GET"]}}],"collection":[{"href":"http:\/\/atuaria.sites.uff.br\/index.php?rest_route=\/wp\/v2\/pages"}],"about":[{"href":"http:\/\/atuaria.sites.uff.br\/index.php?rest_route=\/wp\/v2\/types\/page"}],"author":[{"embeddable":true,"href":"http:\/\/atuaria.sites.uff.br\/index.php?rest_route=\/wp\/v2\/users\/47"}],"replies":[{"embeddable":true,"href":"http:\/\/atuaria.sites.uff.br\/index.php?rest_route=%2Fwp%2Fv2%2Fcomments&post=864"}],"version-history":[{"count":3,"href":"http:\/\/atuaria.sites.uff.br\/index.php?rest_route=\/wp\/v2\/pages\/864\/revisions"}],"predecessor-version":[{"id":1209,"href":"http:\/\/atuaria.sites.uff.br\/index.php?rest_route=\/wp\/v2\/pages\/864\/revisions\/1209"}],"wp:attachment":[{"href":"http:\/\/atuaria.sites.uff.br\/index.php?rest_route=%2Fwp%2Fv2%2Fmedia&parent=864"}],"wp:term":[{"taxonomy":"category","embeddable":true,"href":"http:\/\/atuaria.sites.uff.br\/index.php?rest_route=%2Fwp%2Fv2%2Fcategories&post=864"},{"taxonomy":"post_tag","embeddable":true,"href":"http:\/\/atuaria.sites.uff.br\/index.php?rest_route=%2Fwp%2Fv2%2Ftags&post=864"}],"curies":[{"name":"wp","href":"https:\/\/api.w.org\/{rel}","templated":true}]}}

<p>Art. 41- A solicitação de Rematrícula é facultada ao ex-discente cuja matrícula foi cancelada, e assim registrada no sistema acadêmico, devendo ser apresentada junto à PROGRAD/DAE, que protocolizará e efetuará a análise técnica para a verificação da viabilidade de retorno. Em caso afirmativo, será feito o encaminhamento ao Colegiado do Curso para análise e parecer sobre o pedido.</p>
<p>§ 1o &#8211; Para a análise técnica da solicitação, deverão ser atendidas integralmente todas as condições abaixo descritas:</p>
<p>a) Ter sido a sua matrícula cancelada há, no máximo, 3 (três) anos;</p>
<p>b) Dispor de números de períodos letivos suficientes para a integralização curricular, respeitando-se o prazo estabelecido como tempo máximo previsto pelo curso, não sendo permitida a solicitação de dilatação de prazo, nem de Mudança de Curso/Localidade;</p>
<p>c) Não ter sido a matrícula cancelada por insuficiência de aproveitamento no período de ingresso, por motivo disciplinar ou por solicitação oficial do próprio discente.</p>
<p>§ 2o &#8211; Aos portadores de necessidades especiais, desde que justificadas e com parecer favorável da Coordenação de Atenção Integral à Saúde e Qualidade de Vida (CASQ), poderá ser concedida a ampliação de prazo, superior ao referido na alínea b do parágrafo 1o desse Artigo.</p>
<p>§ 3o &#8211; Não serão contabilizados, para fins de cálculo de prazo remanescente, os períodos em que o discente permaneceu com a matrícula cancelada.</p>
<p>§ 4 o &#8211; No Acompanhamento Acadêmico do discente, a quantidade de trancamentos de matrícula usufruídos e de períodos cursados, com ou sem aproveitamento na vigência da matrícula anterior, serão contabilizados na nova matrícula, visando ao controle do tempo de integralização curricular, conforme estabelecido no item b do parágrafo 1 o deste Artigo.</p>
<p>§ 5 o &#8211; O discente que não proceder à inscrição em disciplinas no período aprovado para sua rematrícula terá sua nova matrícula cancelada.</p>
<p>§ 6 o &#8211; Caso o discente tenha tido sua matrícula cancelada por ter 4 (quatro) reprovações em uma mesma disciplina, e tenha sua rematrícula aprovada, ele terá direito de cursar esta disciplina ainda uma vez, sendo que a reprovação na mesma implicará no novo cancelamento de sua matrícula.</p>
<p>§ 7 o &#8211; O discente que tiver sua matrícula cancelada por abandono, caso tenha sua rematrícula aprovada, não poderá trancar sua matrícula até a conclusão do curso.</p>
<p>§ 8 o &#8211; O benefício da rematrícula só poderá ser concedido uma única vez e a nova matrícula só será efetivada no período letivo imediatamente posterior à data de concessão deste benefício.</p>

<p>Art. 41- A solicitação de Rematrícula é facultada ao ex-discente cuja matrícula foi cancelada, e assim registrada no sistema acadêmico, devendo ser apresentada junto à PROGRAD/DAE, que protocolizará e efetuará a análise técnica para a verificação da viabilidade de retorno. Em caso afirmativo, será feito o encaminhamento ao Colegiado do Curso para análise e parecer [&hellip;]</p>
