{"id":821,"date":"2016-09-19T17:23:31","date_gmt":"2016-09-19T20:23:31","guid":{"rendered":"http:\/\/atuaria.sites.uff.br\/?page_id=821"},"modified":"2016-09-19T17:26:54","modified_gmt":"2016-09-19T20:26:54","slug":"facultativa","status":"publish","type":"page","link":"http:\/\/atuaria.sites.uff.br\/?page_id=821","title":{"rendered":"Facultativa"},"content":{"rendered":"<p>\u00c9 o ingresso de alunos regularmente matriculados em institui\u00e7\u00e3o de ensino superior, mediante aprova\u00e7\u00e3o e classifica\u00e7\u00e3o em concurso p\u00fablico, condicionada \u00e0 exist\u00eancia de vagas, e obedecidos os crit\u00e9rios estabelecidos pela legisla\u00e7\u00e3o superior e pelo CEP (Conselho de Ensino e Pesquisa).<\/p>\n<p>\u25ba <a href=\"http:\/\/atuaria.sites.uff.br\/?page_id=823\">No Regulamento<\/a><\/p>\n<p>\u25ba <a href=\"http:\/\/atuaria.sites.uff.br\/?page_id=825\">Procedimento<\/a><\/p>\n","protected":false},"excerpt":{"rendered":"<p>\u00c9 o ingresso de alunos regularmente matriculados em institui\u00e7\u00e3o de ensino superior, mediante aprova\u00e7\u00e3o e classifica\u00e7\u00e3o em concurso p\u00fablico, condicionada \u00e0 exist\u00eancia de vagas, e obedecidos os crit\u00e9rios estabelecidos pela legisla\u00e7\u00e3o superior e pelo CEP (Conselho de Ensino e Pesquisa). \u25ba No Regulamento \u25ba Procedimento<\/p>\n","protected":false},"author":47,"featured_media":0,"parent":0,"menu_order":0,"comment_status":"closed","ping_status":"closed","template":"","meta":{"_exactmetrics_skip_tracking":false,"_exactmetrics_sitenote_active":false,"_exactmetrics_sitenote_note":"","_exactmetrics_sitenote_category":0,"footnotes":""},"categories":[],"tags":[],"class_list":["post-821","page","type-page","status-publish","hentry"],"_links":{"self":[{"href":"http:\/\/atuaria.sites.uff.br\/index.php?rest_route=\/wp\/v2\/pages\/821","targetHints":{"allow":["GET"]}}],"collection":[{"href":"http:\/\/atuaria.sites.uff.br\/index.php?rest_route=\/wp\/v2\/pages"}],"about":[{"href":"http:\/\/atuaria.sites.uff.br\/index.php?rest_route=\/wp\/v2\/types\/page"}],"author":[{"embeddable":true,"href":"http:\/\/atuaria.sites.uff.br\/index.php?rest_route=\/wp\/v2\/users\/47"}],"replies":[{"embeddable":true,"href":"http:\/\/atuaria.sites.uff.br\/index.php?rest_route=%2Fwp%2Fv2%2Fcomments&post=821"}],"version-history":[{"count":3,"href":"http:\/\/atuaria.sites.uff.br\/index.php?rest_route=\/wp\/v2\/pages\/821\/revisions"}],"predecessor-version":[{"id":829,"href":"http:\/\/atuaria.sites.uff.br\/index.php?rest_route=\/wp\/v2\/pages\/821\/revisions\/829"}],"wp:attachment":[{"href":"http:\/\/atuaria.sites.uff.br\/index.php?rest_route=%2Fwp%2Fv2%2Fmedia&parent=821"}],"wp:term":[{"taxonomy":"category","embeddable":true,"href":"http:\/\/atuaria.sites.uff.br\/index.php?rest_route=%2Fwp%2Fv2%2Fcategories&post=821"},{"taxonomy":"post_tag","embeddable":true,"href":"http:\/\/atuaria.sites.uff.br\/index.php?rest_route=%2Fwp%2Fv2%2Ftags&post=821"}],"curies":[{"name":"wp","href":"https:\/\/api.w.org\/{rel}","templated":true}]}}