{"id":811,"date":"2016-09-19T17:16:52","date_gmt":"2016-09-19T20:16:52","guid":{"rendered":"http:\/\/atuaria.sites.uff.br\/?page_id=811"},"modified":"2016-09-19T17:20:56","modified_gmt":"2016-09-19T20:20:56","slug":"obrigatoria","status":"publish","type":"page","link":"http:\/\/atuaria.sites.uff.br\/?page_id=811","title":{"rendered":"Obrigat\u00f3ria"},"content":{"rendered":"<p>\u00c9 a vincula\u00e7\u00e3o do aluno oriundo de institui\u00e7\u00e3o de ensino superior p\u00fablica, em qualquer \u00e9poca do ano, independentemente da exist\u00eancia de vagas, quando se tratar de servidor p\u00fablico federal ou de membro das For\u00e7as Armadas, ou de seus dependentes, se for comprovada a sua remo\u00e7\u00e3o ou transfer\u00eancia de of\u00edcio, acarretando mudan\u00e7a de domic\u00edlio para o munic\u00edpio onde se situa a universidade ou para localidade pr\u00f3xima.<\/p>\n<p>\u25ba <a href=\"http:\/\/atuaria.sites.uff.br\/?page_id=813\">No Regulamento<\/a><\/p>\n<p>\u25ba <a href=\"http:\/\/atuaria.sites.uff.br\/?page_id=815\">Procedimento<\/a><\/p>\n<p>\u25ba <a href=\"http:\/\/atuaria.sites.uff.br\/?page_id=817\">Documenta\u00e7\u00e3o Necess\u00e1ria<\/a><\/p>\n","protected":false},"excerpt":{"rendered":"<p>\u00c9 a vincula\u00e7\u00e3o do aluno oriundo de institui\u00e7\u00e3o de ensino superior p\u00fablica, em qualquer \u00e9poca do ano, independentemente da exist\u00eancia de vagas, quando se tratar de servidor p\u00fablico federal ou de membro das For\u00e7as Armadas, ou de seus dependentes, se for comprovada a sua remo\u00e7\u00e3o ou transfer\u00eancia de of\u00edcio, acarretando mudan\u00e7a de domic\u00edlio para o [&hellip;]<\/p>\n","protected":false},"author":47,"featured_media":0,"parent":0,"menu_order":0,"comment_status":"closed","ping_status":"closed","template":"","meta":{"_exactmetrics_skip_tracking":false,"_exactmetrics_sitenote_active":false,"_exactmetrics_sitenote_note":"","_exactmetrics_sitenote_category":0,"footnotes":""},"categories":[],"tags":[],"class_list":["post-811","page","type-page","status-publish","hentry"],"_links":{"self":[{"href":"http:\/\/atuaria.sites.uff.br\/index.php?rest_route=\/wp\/v2\/pages\/811","targetHints":{"allow":["GET"]}}],"collection":[{"href":"http:\/\/atuaria.sites.uff.br\/index.php?rest_route=\/wp\/v2\/pages"}],"about":[{"href":"http:\/\/atuaria.sites.uff.br\/index.php?rest_route=\/wp\/v2\/types\/page"}],"author":[{"embeddable":true,"href":"http:\/\/atuaria.sites.uff.br\/index.php?rest_route=\/wp\/v2\/users\/47"}],"replies":[{"embeddable":true,"href":"http:\/\/atuaria.sites.uff.br\/index.php?rest_route=%2Fwp%2Fv2%2Fcomments&post=811"}],"version-history":[{"count":2,"href":"http:\/\/atuaria.sites.uff.br\/index.php?rest_route=\/wp\/v2\/pages\/811\/revisions"}],"predecessor-version":[{"id":820,"href":"http:\/\/atuaria.sites.uff.br\/index.php?rest_route=\/wp\/v2\/pages\/811\/revisions\/820"}],"wp:attachment":[{"href":"http:\/\/atuaria.sites.uff.br\/index.php?rest_route=%2Fwp%2Fv2%2Fmedia&parent=811"}],"wp:term":[{"taxonomy":"category","embeddable":true,"href":"http:\/\/atuaria.sites.uff.br\/index.php?rest_route=%2Fwp%2Fv2%2Fcategories&post=811"},{"taxonomy":"post_tag","embeddable":true,"href":"http:\/\/atuaria.sites.uff.br\/index.php?rest_route=%2Fwp%2Fv2%2Ftags&post=811"}],"curies":[{"name":"wp","href":"https:\/\/api.w.org\/{rel}","templated":true}]}}