{"id":796,"date":"2016-09-19T16:46:36","date_gmt":"2016-09-19T19:46:36","guid":{"rendered":"http:\/\/atuaria.sites.uff.br\/?page_id=796"},"modified":"2017-08-14T18:14:39","modified_gmt":"2017-08-14T21:14:39","slug":"convenio-cultural","status":"publish","type":"page","link":"http:\/\/atuaria.sites.uff.br\/?page_id=796","title":{"rendered":"CONV\u00caNIO CULTURAL"},"content":{"rendered":"<p><strong>Descri\u00e7\u00e3o<\/strong><\/p>\n<p>O Conv\u00eanio Cultural \u00e9 o ingresso de estudantes estrangeiros com base em acordos culturais firmados entre o Brasil e outros pa\u00edses, bem como entre a UFF e universidades estrangeiras, sujeito \u00e0 exist\u00eancia de vagas.<\/p>\n<p><strong>Programa Estudante Conv\u00eanio<\/strong><\/p>\n<p>A matr\u00edcula de estudante estrangeiro, atrav\u00e9s de conv\u00eanio cultural firmado entre o Brasil e pa\u00edses conveniados, somente \u00e9 aceita dentro do n\u00famero de vagas oferecidas anualmente pela Universidade \u00e0 Secretaria de Educa\u00e7\u00e3o Superior (SESu) do Minist\u00e9rio da Educa\u00e7\u00e3o e do Desporto (MEC). O candidato \u00e9 selecionado no seu pa\u00eds de origem e encaminhado pela SESu\/MEC para realizar seus estudos universit\u00e1rios. Esta matr\u00edcula deve obedecer aos prazos fixados no Calend\u00e1rio Escolar, ficando o aluno dispensado do concurso vestibular.<\/p>\n<p><strong>Conv\u00eanio Bilateral- Mobilidade Acad\u00eamica Internacional.<\/strong><\/p>\n<p>\u00c9 a modalidade em que alunos de universidades estrangeiras conveniadas com a UFF ingressam para cursar um ou dois semestres acad\u00eamicos. A sele\u00e7\u00e3o \u00e9 feita na institui\u00e7\u00e3o de origem do candidato.<\/p>\n<p>Caso queira mais informa\u00e7\u00f5es, entre no site da <a href=\"http:\/\/www.uff.br\/?q=alunos-estrangeiros-no-grupo-internacional\">Superintend\u00eancia de Rela\u00e7\u00f5es Internacionais (SRI)<\/a>.<\/p>\n<p><a href=\"http:\/\/www.uff.br\/?q=admissao-aos-cursos-de-graduacao\" target=\"_blank\">Link<\/a><\/p>\n<p><strong>Regulamento de\u00a0admiss\u00e3o\u00a0aos cursos de gradua\u00e7\u00e3o<\/strong><\/p>\n<p>Art. 42 &#8211; O Conv\u00eanio Cultural, ingresso de discentes estrangeiros com base em Acordos Culturais firmados entre o Brasil e outros pa\u00edses, de acordo com o protocolo celebrado entre o Departamento de Coopera\u00e7\u00e3o Cient\u00edfica, T\u00e9cnica e Tecnol\u00f3gica do Minist\u00e9rio de Rela\u00e7\u00f5es Exteriores e a Coordena\u00e7\u00e3o de Aperfei\u00e7oamento de Pessoal de N\u00edvel Superior (CAPES)\/Minist\u00e9rio da Educa\u00e7\u00e3o (MEC), ter\u00e1 o n\u00famero de vagas definido por Decis\u00e3o do CEP, ap\u00f3s consulta aos Colegiados dos Cursos.<\/p>\n<p>\u00a7 1o &#8211; O ingresso pela modalidade Conv\u00eanio Cultural ser\u00e1 coordenado pela Pr\u00f3- Reitoria de Assuntos Estudantis (PROAES), obedecendo \u00e0s disposi\u00e7\u00f5es vigentes.<\/p>\n<p>\u00a7 2o &#8211; O discente que ingressar por esta modalidade estar\u00e1 sujeito \u00e0s normas deste Regulamento, quando n\u00e3o forem conflitantes ou omissas nos termos do protocolo.<\/p>\n<p>Art. 43 &#8211; A UFF poder\u00e1 estabelecer conv\u00eanios culturais com IES, nacionais e estrangeiras, ou com outros pa\u00edses, conforme regulamentado em Resolu\u00e7\u00f5es espec\u00edficas do CEP para cada conv\u00eanio celebrado.<\/p>\n","protected":false},"excerpt":{"rendered":"<p>Descri\u00e7\u00e3o O Conv\u00eanio Cultural \u00e9 o ingresso de estudantes estrangeiros com base em acordos culturais firmados entre o Brasil e outros pa\u00edses, bem como entre a UFF e universidades estrangeiras, sujeito \u00e0 exist\u00eancia de vagas. Programa Estudante Conv\u00eanio A matr\u00edcula de estudante estrangeiro, atrav\u00e9s de conv\u00eanio cultural firmado entre o Brasil e pa\u00edses conveniados, somente [&hellip;]<\/p>\n","protected":false},"author":47,"featured_media":0,"parent":0,"menu_order":0,"comment_status":"closed","ping_status":"closed","template":"","meta":{"_exactmetrics_skip_tracking":false,"_exactmetrics_sitenote_active":false,"_exactmetrics_sitenote_note":"","_exactmetrics_sitenote_category":0,"footnotes":""},"categories":[],"tags":[],"class_list":["post-796","page","type-page","status-publish","hentry"],"_links":{"self":[{"href":"http:\/\/atuaria.sites.uff.br\/index.php?rest_route=\/wp\/v2\/pages\/796","targetHints":{"allow":["GET"]}}],"collection":[{"href":"http:\/\/atuaria.sites.uff.br\/index.php?rest_route=\/wp\/v2\/pages"}],"about":[{"href":"http:\/\/atuaria.sites.uff.br\/index.php?rest_route=\/wp\/v2\/types\/page"}],"author":[{"embeddable":true,"href":"http:\/\/atuaria.sites.uff.br\/index.php?rest_route=\/wp\/v2\/users\/47"}],"replies":[{"embeddable":true,"href":"http:\/\/atuaria.sites.uff.br\/index.php?rest_route=%2Fwp%2Fv2%2Fcomments&post=796"}],"version-history":[{"count":4,"href":"http:\/\/atuaria.sites.uff.br\/index.php?rest_route=\/wp\/v2\/pages\/796\/revisions"}],"predecessor-version":[{"id":1309,"href":"http:\/\/atuaria.sites.uff.br\/index.php?rest_route=\/wp\/v2\/pages\/796\/revisions\/1309"}],"wp:attachment":[{"href":"http:\/\/atuaria.sites.uff.br\/index.php?rest_route=%2Fwp%2Fv2%2Fmedia&parent=796"}],"wp:term":[{"taxonomy":"category","embeddable":true,"href":"http:\/\/atuaria.sites.uff.br\/index.php?rest_route=%2Fwp%2Fv2%2Fcategories&post=796"},{"taxonomy":"post_tag","embeddable":true,"href":"http:\/\/atuaria.sites.uff.br\/index.php?rest_route=%2Fwp%2Fv2%2Ftags&post=796"}],"curies":[{"name":"wp","href":"https:\/\/api.w.org\/{rel}","templated":true}]}}

CONVÊNIO CULTURAL

<p><strong>Descrição</strong></p>
<p>O Convênio Cultural é o ingresso de estudantes estrangeiros com base em acordos culturais firmados entre o Brasil e outros países, bem como entre a UFF e universidades estrangeiras, sujeito à existência de vagas.</p>
<p><strong>Programa Estudante Convênio</strong></p>
<p>A matrícula de estudante estrangeiro, através de convênio cultural firmado entre o Brasil e países conveniados, somente é aceita dentro do número de vagas oferecidas anualmente pela Universidade à Secretaria de Educação Superior (SESu) do Ministério da Educação e do Desporto (MEC). O candidato é selecionado no seu país de origem e encaminhado pela SESu/MEC para realizar seus estudos universitários. Esta matrícula deve obedecer aos prazos fixados no Calendário Escolar, ficando o aluno dispensado do concurso vestibular.</p>
<p><strong>Convênio Bilateral- Mobilidade Acadêmica Internacional.</strong></p>
<p>É a modalidade em que alunos de universidades estrangeiras conveniadas com a UFF ingressam para cursar um ou dois semestres acadêmicos. A seleção é feita na instituição de origem do candidato.</p>
<p>Caso queira mais informações, entre no site da <a href="http://www.uff.br/?q=alunos-estrangeiros-no-grupo-internacional">Superintendência de Relações Internacionais (SRI)</a>.</p>
<p><a href="http://www.uff.br/?q=admissao-aos-cursos-de-graduacao" target="_blank">Link</a></p>
<p><strong>Regulamento de admissão aos cursos de graduação</strong></p>
<p>Art. 42 &#8211; O Convênio Cultural, ingresso de discentes estrangeiros com base em Acordos Culturais firmados entre o Brasil e outros países, de acordo com o protocolo celebrado entre o Departamento de Cooperação Científica, Técnica e Tecnológica do Ministério de Relações Exteriores e a Coordenação de Aperfeiçoamento de Pessoal de Nível Superior (CAPES)/Ministério da Educação (MEC), terá o número de vagas definido por Decisão do CEP, após consulta aos Colegiados dos Cursos.</p>
<p>§ 1o &#8211; O ingresso pela modalidade Convênio Cultural será coordenado pela Pró- Reitoria de Assuntos Estudantis (PROAES), obedecendo às disposições vigentes.</p>
<p>§ 2o &#8211; O discente que ingressar por esta modalidade estará sujeito às normas deste Regulamento, quando não forem conflitantes ou omissas nos termos do protocolo.</p>
<p>Art. 43 &#8211; A UFF poderá estabelecer convênios culturais com IES, nacionais e estrangeiras, ou com outros países, conforme regulamentado em Resoluções específicas do CEP para cada convênio celebrado.</p>

<p>Descrição O Convênio Cultural é o ingresso de estudantes estrangeiros com base em acordos culturais firmados entre o Brasil e outros países, bem como entre a UFF e universidades estrangeiras, sujeito à existência de vagas. Programa Estudante Convênio A matrícula de estudante estrangeiro, através de convênio cultural firmado entre o Brasil e países conveniados, somente [&hellip;]</p>
