{"id":786,"date":"2016-09-19T16:43:54","date_gmt":"2016-09-19T19:43:54","guid":{"rendered":"http:\/\/atuaria.sites.uff.br\/?page_id=786"},"modified":"2017-08-14T17:30:58","modified_gmt":"2017-08-14T20:30:58","slug":"transferencia","status":"publish","type":"page","link":"http:\/\/atuaria.sites.uff.br\/?page_id=786","title":{"rendered":"TRANSFER\u00caNCIA"},"content":{"rendered":"<p><strong>Descri\u00e7\u00e3o<\/strong><\/p>\n<p>O aluno de outra institui\u00e7\u00e3o de ensino superior pode ingressar na UFF, no mesmo curso de origem \u00a0ou caso n\u00e3o haja o curso de origem na UFF, por meio de transfer\u00eancia, dentro de uma das seguintes modalidades:<\/p>\n<ul>\n<li>Facultativa &#8211; \u00c9 o ingresso de alunos regularmente matriculados em institui\u00e7\u00e3o de ensino superior, mediante aprova\u00e7\u00e3o e classifica\u00e7\u00e3o em concurso p\u00fablico, condicionada \u00e0 exist\u00eancia de vagas, e obedecidos os crit\u00e9rios estabelecidos pela legisla\u00e7\u00e3o superior e pelo CEP.\u00a0Caso queira mais informa\u00e7\u00f5es, entre no site da COSEAC.<\/li>\n<\/ul>\n<ul>\n<li>Interinstitucional &#8211; \u00c9 a vincula\u00e7\u00e3o, condicionada \u00e0 exist\u00eancia de vagas, concedida ao aluno oriundo\u00a0de\u00a0institui\u00e7\u00e3o p\u00fablica de ensino superior, onde tenha ingressado por concurso p\u00fablico.<\/li>\n<\/ul>\n<ul>\n<li>Obrigat\u00f3ria &#8211; \u00c9 a vincula\u00e7\u00e3o do aluno oriundo de institui\u00e7\u00e3o de ensino superior p\u00fablica, em qualquer \u00e9poca do ano, independentemente da exist\u00eancia de vagas, quando se tratar de servidor p\u00fablico federal ou de membro das For\u00e7as Armadas, ou de seus dependentes, se for comprovada a sua remo\u00e7\u00e3o ou transfer\u00eancia de of\u00edcio, acarretando mudan\u00e7a de domic\u00edlio para o munic\u00edpio onde se situa a universidade ou para localidade pr\u00f3xima.<\/li>\n<\/ul>\n<p><a href=\"http:\/\/www.uff.br\/sites\/default\/files\/relacao_de_documentos_-_transferencia.pdf\">Veja a rela\u00e7\u00e3o de documentos para a transfer\u00eancia\u00a0<\/a><\/p>\n<p><a href=\"http:\/\/www.uff.br\/?q=admissao-aos-cursos-de-graduacao\" target=\"_blank\">Link<\/a><\/p>\n<p><strong>Regulamento de\u00a0admiss\u00e3o\u00a0aos cursos de gradua\u00e7\u00e3o<\/strong><\/p>\n<p>Art. 33 &#8211; O ingresso atrav\u00e9s de Transfer\u00eancia \u00e9 facultado ao discente de outra Institui\u00e7\u00e3o de Ensino Superior, podendo ser pelas seguintes modalidades:<\/p>\n<p>a) <a href=\"http:\/\/atuaria.sites.uff.br\/?page_id=811\">Transfer\u00eancia Obrigat\u00f3ria<\/a>;<\/p>\n<p>b) <a href=\"http:\/\/atuaria.sites.uff.br\/?page_id=821\">Transfer\u00eancia Facultativa<\/a>;<\/p>\n<p>c) <a href=\"http:\/\/atuaria.sites.uff.br\/?page_id=832\">Transfer\u00eancia Interinstitucional<\/a>.<\/p>\n<p>Par\u00e1grafo \u00danico &#8211; O aluno ingressante por qualquer destas modalidades dever\u00e1 integralizar o Curr\u00edculo no prazo m\u00e1ximo de perman\u00eancia do Curso da UFF, contando-se o tempo decorrido desde que iniciou o Curso na institui\u00e7\u00e3o de origem.<\/p>\n<p>Artigo 4 e Par\u00e1grafo \u00a0\u00danico do <a href=\"http:\/\/www.uff.br\/sites\/default\/files\/001-2015_regulamento_do_curso_de_graduacao_0.pdf\">Regulamento de Gradua\u00e7\u00e3o da UFF<\/a><\/p>\n","protected":false},"excerpt":{"rendered":"<p>Descri\u00e7\u00e3o O aluno de outra institui\u00e7\u00e3o de ensino superior pode ingressar na UFF, no mesmo curso de origem \u00a0ou caso n\u00e3o haja o curso de origem na UFF, por meio de transfer\u00eancia, dentro de uma das seguintes modalidades: Facultativa &#8211; \u00c9 o ingresso de alunos regularmente matriculados em institui\u00e7\u00e3o de ensino superior, mediante aprova\u00e7\u00e3o e [&hellip;]<\/p>\n","protected":false},"author":47,"featured_media":0,"parent":0,"menu_order":0,"comment_status":"closed","ping_status":"closed","template":"","meta":{"_exactmetrics_skip_tracking":false,"_exactmetrics_sitenote_active":false,"_exactmetrics_sitenote_note":"","_exactmetrics_sitenote_category":0,"footnotes":""},"categories":[],"tags":[],"class_list":["post-786","page","type-page","status-publish","hentry"],"_links":{"self":[{"href":"http:\/\/atuaria.sites.uff.br\/index.php?rest_route=\/wp\/v2\/pages\/786","targetHints":{"allow":["GET"]}}],"collection":[{"href":"http:\/\/atuaria.sites.uff.br\/index.php?rest_route=\/wp\/v2\/pages"}],"about":[{"href":"http:\/\/atuaria.sites.uff.br\/index.php?rest_route=\/wp\/v2\/types\/page"}],"author":[{"embeddable":true,"href":"http:\/\/atuaria.sites.uff.br\/index.php?rest_route=\/wp\/v2\/users\/47"}],"replies":[{"embeddable":true,"href":"http:\/\/atuaria.sites.uff.br\/index.php?rest_route=%2Fwp%2Fv2%2Fcomments&post=786"}],"version-history":[{"count":13,"href":"http:\/\/atuaria.sites.uff.br\/index.php?rest_route=\/wp\/v2\/pages\/786\/revisions"}],"predecessor-version":[{"id":1285,"href":"http:\/\/atuaria.sites.uff.br\/index.php?rest_route=\/wp\/v2\/pages\/786\/revisions\/1285"}],"wp:attachment":[{"href":"http:\/\/atuaria.sites.uff.br\/index.php?rest_route=%2Fwp%2Fv2%2Fmedia&parent=786"}],"wp:term":[{"taxonomy":"category","embeddable":true,"href":"http:\/\/atuaria.sites.uff.br\/index.php?rest_route=%2Fwp%2Fv2%2Fcategories&post=786"},{"taxonomy":"post_tag","embeddable":true,"href":"http:\/\/atuaria.sites.uff.br\/index.php?rest_route=%2Fwp%2Fv2%2Ftags&post=786"}],"curies":[{"name":"wp","href":"https:\/\/api.w.org\/{rel}","templated":true}]}}