{"id":482,"date":"2016-08-29T12:38:45","date_gmt":"2016-08-29T15:38:45","guid":{"rendered":"http:\/\/atuaria.sites.uff.br\/?page_id=482"},"modified":"2020-08-28T17:23:37","modified_gmt":"2020-08-28T20:23:37","slug":"trabalho-de-conclusao-de-curso-2","status":"publish","type":"page","link":"http:\/\/atuaria.sites.uff.br\/?page_id=482","title":{"rendered":"TRABALHO DE CONCLUS\u00c3O DE CURSO"},"content":{"rendered":"<p>\u25ba<a href=\"http:\/\/atuaria.sites.uff.br\/wp-content\/uploads\/sites\/51\/2019\/03\/REGULAMENTO-TCC_2019.doc_final.pdf\" target=\"_blank\" rel=\"noopener noreferrer\">Regulamento<\/a><\/p>\n<div class=\"content\">\n<div class=\"field field-name-field-anexo field-type-file field-label-above\">\n<p class=\"field-label\"><strong>Formul\u00e1rios:<\/strong><\/p>\n<div class=\"field-item even\"><span class=\"file\">\u00a0<a title=\"ata_de_avaliacao_de_tcc.pdf\" href=\"http:\/\/atuaria.sites.uff.br\/wp-content\/uploads\/sites\/51\/2017\/08\/ata_de_avaliacao_de_tcc.pdf\" target=\"_blank\" rel=\"noopener noreferrer\">Ata de Avalia\u00e7\u00e3o de TCC<\/a><\/span><\/div>\n<div class=\"field-item odd\"><span class=\"file\">\u00a0<a title=\"autorizacao_de_divulgacao_de_tcc.pdf\" href=\"http:\/\/atuaria.sites.uff.br\/wp-content\/uploads\/sites\/51\/2020\/08\/AUTORIZA\u00c7\u00c3O-DE-DIVULGA\u00c7\u00c3O-DE-TCC.2.pdf\" target=\"_blank\" rel=\"noopener noreferrer\">Autoriza\u00e7\u00e3o de Divulga\u00e7\u00e3o de TCC<\/a><\/span><\/div>\n<div class=\"field-item even\"><span class=\"file\">\u00a0<a title=\"avaliacao_do_projeto.pdf\" href=\"http:\/\/atuaria.sites.uff.br\/wp-content\/uploads\/sites\/51\/2017\/08\/avaliacao_do_projeto.pdf\" target=\"_blank\" rel=\"noopener noreferrer\">Avalia\u00e7\u00e3o do Projeto<\/a><\/span><\/div>\n<div class=\"field-item odd\"><span class=\"file\">\u00a0<a title=\"cadastro_de_tcc.pdf\" href=\"http:\/\/atuaria.sites.uff.br\/wp-content\/uploads\/sites\/51\/2017\/08\/cadastro_de_tcc.pdf\" target=\"_blank\" rel=\"noopener noreferrer\">Cadastro de TCC<\/a><\/span><\/div>\n<div class=\"field-item even\"><span class=\"file\">\u00a0<a title=\"calendario_de_apresentacao_de_tcc.pdf\" href=\"http:\/\/atuaria.sites.uff.br\/wp-content\/uploads\/sites\/51\/2017\/08\/calendario_de_apresentacao_de_tcc.pdf\" target=\"_blank\" rel=\"noopener noreferrer\">Calend\u00e1rio de Apresenta\u00e7\u00e3o de TCC<\/a><\/span><\/div>\n<div class=\"field-item odd\"><span class=\"file\">\u00a0<a title=\"controle_de_frequencia_de_orientacao.pdf\" href=\"http:\/\/atuaria.sites.uff.br\/wp-content\/uploads\/sites\/51\/2017\/08\/controle_de_frequencia_de_orientacao.pdf\" target=\"_blank\" rel=\"noopener noreferrer\">Controle de Frequ\u00eancia de Orienta\u00e7\u00e3o<\/a><\/span><\/div>\n<div class=\"field-item even\"><span class=\"file\">\u00a0<a title=\"desligamento_de_orientacao.pdf\" href=\"http:\/\/atuaria.sites.uff.br\/wp-content\/uploads\/sites\/51\/2017\/08\/desligamento_de_orientacao.pdf\" target=\"_blank\" rel=\"noopener noreferrer\">Desligamento de Orienta\u00e7\u00e3o<\/a><\/span><\/div>\n<div class=\"field-item odd\"><span class=\"file\">\u00a0<a title=\"encaminhamento_de_defesa_de_tcc.pdf\" href=\"http:\/\/atuaria.sites.uff.br\/wp-content\/uploads\/sites\/51\/2017\/08\/encaminhamento_de_defesa_de_tcc.pdf\" target=\"_blank\" rel=\"noopener noreferrer\">Encaminhamento de Defesa de TCC<\/a><\/span><\/div>\n<div class=\"field-item even\"><span class=\"file\">\u00a0<a title=\"indicacoes_de_mudancas_no_tcc.pdf\" href=\"http:\/\/atuaria.sites.uff.br\/wp-content\/uploads\/sites\/51\/2017\/08\/indicacoes_de_mudancas_no_tcc.pdf\" target=\"_blank\" rel=\"noopener noreferrer\">Indica\u00e7\u00f5es de Mudan\u00e7as no TCC<\/a><\/span><\/div>\n<div class=\"field-item odd\"><span class=\"file\">\u00a0<a title=\"plano_semestral_de_atividades_de_tcc.pdf\" href=\"http:\/\/atuaria.sites.uff.br\/wp-content\/uploads\/sites\/51\/2017\/08\/plano_semestral_de_atividades_de_tcc.pdf\" target=\"_blank\" rel=\"noopener noreferrer\">Plano Semestral de Atividades de TCC<\/a><\/span><\/div>\n<div class=\"field-item odd\">\u00a0<a href=\"http:\/\/atuaria.sites.uff.br\/wp-content\/uploads\/sites\/51\/2018\/03\/CRIT\u00c9RIOS-PARA-AVALIA\u00c7\u00c3O-DO-TCC-1.pdf\" target=\"_blank\" rel=\"noopener noreferrer\">Crit\u00e9rios para Avalia\u00e7\u00e3o de TCC<\/a><\/div>\n<div class=\"field-item odd\"><\/div>\n<\/div>\n<\/div>\n","protected":false},"excerpt":{"rendered":"<p>\u25baRegulamento Formul\u00e1rios: \u00a0Ata de Avalia\u00e7\u00e3o de TCC \u00a0Autoriza\u00e7\u00e3o de Divulga\u00e7\u00e3o de TCC \u00a0Avalia\u00e7\u00e3o do Projeto \u00a0Cadastro de TCC \u00a0Calend\u00e1rio de Apresenta\u00e7\u00e3o de TCC \u00a0Controle de Frequ\u00eancia de Orienta\u00e7\u00e3o \u00a0Desligamento de Orienta\u00e7\u00e3o \u00a0Encaminhamento de Defesa de TCC \u00a0Indica\u00e7\u00f5es de Mudan\u00e7as no TCC \u00a0Plano Semestral de Atividades de TCC \u00a0Crit\u00e9rios para Avalia\u00e7\u00e3o de TCC<\/p>\n","protected":false},"author":47,"featured_media":0,"parent":0,"menu_order":0,"comment_status":"closed","ping_status":"closed","template":"","meta":{"_exactmetrics_skip_tracking":false,"_exactmetrics_sitenote_active":false,"_exactmetrics_sitenote_note":"","_exactmetrics_sitenote_category":0,"footnotes":""},"categories":[],"tags":[],"class_list":["post-482","page","type-page","status-publish","hentry"],"_links":{"self":[{"href":"http:\/\/atuaria.sites.uff.br\/index.php?rest_route=\/wp\/v2\/pages\/482","targetHints":{"allow":["GET"]}}],"collection":[{"href":"http:\/\/atuaria.sites.uff.br\/index.php?rest_route=\/wp\/v2\/pages"}],"about":[{"href":"http:\/\/atuaria.sites.uff.br\/index.php?rest_route=\/wp\/v2\/types\/page"}],"author":[{"embeddable":true,"href":"http:\/\/atuaria.sites.uff.br\/index.php?rest_route=\/wp\/v2\/users\/47"}],"replies":[{"embeddable":true,"href":"http:\/\/atuaria.sites.uff.br\/index.php?rest_route=%2Fwp%2Fv2%2Fcomments&post=482"}],"version-history":[{"count":22,"href":"http:\/\/atuaria.sites.uff.br\/index.php?rest_route=\/wp\/v2\/pages\/482\/revisions"}],"predecessor-version":[{"id":1975,"href":"http:\/\/atuaria.sites.uff.br\/index.php?rest_route=\/wp\/v2\/pages\/482\/revisions\/1975"}],"wp:attachment":[{"href":"http:\/\/atuaria.sites.uff.br\/index.php?rest_route=%2Fwp%2Fv2%2Fmedia&parent=482"}],"wp:term":[{"taxonomy":"category","embeddable":true,"href":"http:\/\/atuaria.sites.uff.br\/index.php?rest_route=%2Fwp%2Fv2%2Fcategories&post=482"},{"taxonomy":"post_tag","embeddable":true,"href":"http:\/\/atuaria.sites.uff.br\/index.php?rest_route=%2Fwp%2Fv2%2Ftags&post=482"}],"curies":[{"name":"wp","href":"https:\/\/api.w.org\/{rel}","templated":true}]}}