{"id":358,"date":"2016-08-29T11:44:58","date_gmt":"2016-08-29T14:44:58","guid":{"rendered":"http:\/\/atuaria.sites.uff.br\/?page_id=358"},"modified":"2016-09-21T15:31:14","modified_gmt":"2016-09-21T18:31:14","slug":"dispensa-de-disciplina","status":"publish","type":"page","link":"http:\/\/atuaria.sites.uff.br\/?page_id=358","title":{"rendered":"DISPENSA DE DISCIPLINA"},"content":{"rendered":"<p class=\"rtejustify\">Dispensa feita a aluno da UFF de inscrever-se em disciplina\/atividade de seu Curso, com base: no reconhecimento do valor formativo equivalente \u00e0 disciplina\/atividade do Curr\u00edculo de um Curso desta Universidade, cursadas com aproveitamento nesta ou em outra Institui\u00e7\u00e3o de Ensino Superior, ou na aprova\u00e7\u00e3o em Exame de Profici\u00eancia.<\/p>\n<p class=\"rtejustify\">\u25ba\u00a0<a href=\"http:\/\/atuaria.sites.uff.br\/?page_id=892\"><strong>No Regulamento<\/strong><\/a><\/p>\n<p>\u25ba\u00a0<a href=\"http:\/\/atuaria.sites.uff.br\/?page_id=894\"><strong>Procedimento<\/strong><\/a><\/p>\n<p>\u25ba\u00a0<a href=\"http:\/\/atuaria.sites.uff.br\/?page_id=896\"><strong>Documenta\u00e7\u00e3o Necess\u00e1ria<\/strong><\/a><\/p>\n","protected":false},"excerpt":{"rendered":"<p>Dispensa feita a aluno da UFF de inscrever-se em disciplina\/atividade de seu Curso, com base: no reconhecimento do valor formativo equivalente \u00e0 disciplina\/atividade do Curr\u00edculo de um Curso desta Universidade, cursadas com aproveitamento nesta ou em outra Institui\u00e7\u00e3o de Ensino Superior, ou na aprova\u00e7\u00e3o em Exame de Profici\u00eancia. \u25ba\u00a0No Regulamento \u25ba\u00a0Procedimento \u25ba\u00a0Documenta\u00e7\u00e3o Necess\u00e1ria<\/p>\n","protected":false},"author":47,"featured_media":0,"parent":0,"menu_order":0,"comment_status":"closed","ping_status":"closed","template":"","meta":{"_exactmetrics_skip_tracking":false,"_exactmetrics_sitenote_active":false,"_exactmetrics_sitenote_note":"","_exactmetrics_sitenote_category":0,"footnotes":""},"categories":[],"tags":[],"class_list":["post-358","page","type-page","status-publish","hentry"],"_links":{"self":[{"href":"http:\/\/atuaria.sites.uff.br\/index.php?rest_route=\/wp\/v2\/pages\/358","targetHints":{"allow":["GET"]}}],"collection":[{"href":"http:\/\/atuaria.sites.uff.br\/index.php?rest_route=\/wp\/v2\/pages"}],"about":[{"href":"http:\/\/atuaria.sites.uff.br\/index.php?rest_route=\/wp\/v2\/types\/page"}],"author":[{"embeddable":true,"href":"http:\/\/atuaria.sites.uff.br\/index.php?rest_route=\/wp\/v2\/users\/47"}],"replies":[{"embeddable":true,"href":"http:\/\/atuaria.sites.uff.br\/index.php?rest_route=%2Fwp%2Fv2%2Fcomments&post=358"}],"version-history":[{"count":6,"href":"http:\/\/atuaria.sites.uff.br\/index.php?rest_route=\/wp\/v2\/pages\/358\/revisions"}],"predecessor-version":[{"id":898,"href":"http:\/\/atuaria.sites.uff.br\/index.php?rest_route=\/wp\/v2\/pages\/358\/revisions\/898"}],"wp:attachment":[{"href":"http:\/\/atuaria.sites.uff.br\/index.php?rest_route=%2Fwp%2Fv2%2Fmedia&parent=358"}],"wp:term":[{"taxonomy":"category","embeddable":true,"href":"http:\/\/atuaria.sites.uff.br\/index.php?rest_route=%2Fwp%2Fv2%2Fcategories&post=358"},{"taxonomy":"post_tag","embeddable":true,"href":"http:\/\/atuaria.sites.uff.br\/index.php?rest_route=%2Fwp%2Fv2%2Ftags&post=358"}],"curies":[{"name":"wp","href":"https:\/\/api.w.org\/{rel}","templated":true}]}}