{"id":343,"date":"2016-08-29T11:42:22","date_gmt":"2016-08-29T14:42:22","guid":{"rendered":"http:\/\/atuaria.sites.uff.br\/?page_id=343"},"modified":"2025-06-10T14:28:09","modified_gmt":"2025-06-10T17:28:09","slug":"estrutura-curricular","status":"publish","type":"page","link":"http:\/\/atuaria.sites.uff.br\/?page_id=343","title":{"rendered":"ESTRUTURA CURRICULAR"},"content":{"rendered":"<p>O Curso de Gradua\u00e7\u00e3o em Ci\u00eancias Atuariais da Universidade Federal Fluminense possui uma estrutura curricular baseada em eixos tem\u00e1ticos que contemplam a vis\u00e3o interdisciplinar, caracterizada pela interdepend\u00eancia entre os diversos campos do conhecimento compondo um todo articulado, harm\u00f4nico e significativo.<\/p>\n<h3>\u00a0<\/h3>\n<h4><a href=\"http:\/\/atuaria.sites.uff.br\/wp-content\/uploads\/sites\/51\/2025\/06\/MatrizCurricular2025_85.01.002-1-1.pdf\">Matriz curricular<\/a><\/h4>\n<h4><a href=\"http:\/\/atuaria.sites.uff.br\/wp-content\/uploads\/sites\/51\/2025\/05\/FLUXOGRAMA_OFICIAL_2025.pdf\">Fluxograma<\/a><\/h4>\n\n\n<p><\/p>\n\n\n\n<p><\/p>\n","protected":false},"excerpt":{"rendered":"<p>O Curso de Gradua\u00e7\u00e3o em Ci\u00eancias Atuariais da Universidade Federal Fluminense possui uma estrutura curricular baseada em eixos tem\u00e1ticos que contemplam a vis\u00e3o interdisciplinar, caracterizada pela interdepend\u00eancia entre os diversos campos do conhecimento compondo um todo articulado, harm\u00f4nico e significativo. \u00a0 Matriz curricular Fluxograma<\/p>\n","protected":false},"author":47,"featured_media":0,"parent":0,"menu_order":0,"comment_status":"closed","ping_status":"closed","template":"","meta":{"_exactmetrics_skip_tracking":false,"_exactmetrics_sitenote_active":false,"_exactmetrics_sitenote_note":"","_exactmetrics_sitenote_category":0,"footnotes":""},"categories":[],"tags":[],"class_list":["post-343","page","type-page","status-publish","hentry"],"_links":{"self":[{"href":"http:\/\/atuaria.sites.uff.br\/index.php?rest_route=\/wp\/v2\/pages\/343","targetHints":{"allow":["GET"]}}],"collection":[{"href":"http:\/\/atuaria.sites.uff.br\/index.php?rest_route=\/wp\/v2\/pages"}],"about":[{"href":"http:\/\/atuaria.sites.uff.br\/index.php?rest_route=\/wp\/v2\/types\/page"}],"author":[{"embeddable":true,"href":"http:\/\/atuaria.sites.uff.br\/index.php?rest_route=\/wp\/v2\/users\/47"}],"replies":[{"embeddable":true,"href":"http:\/\/atuaria.sites.uff.br\/index.php?rest_route=%2Fwp%2Fv2%2Fcomments&post=343"}],"version-history":[{"count":27,"href":"http:\/\/atuaria.sites.uff.br\/index.php?rest_route=\/wp\/v2\/pages\/343\/revisions"}],"predecessor-version":[{"id":2717,"href":"http:\/\/atuaria.sites.uff.br\/index.php?rest_route=\/wp\/v2\/pages\/343\/revisions\/2717"}],"wp:attachment":[{"href":"http:\/\/atuaria.sites.uff.br\/index.php?rest_route=%2Fwp%2Fv2%2Fmedia&parent=343"}],"wp:term":[{"taxonomy":"category","embeddable":true,"href":"http:\/\/atuaria.sites.uff.br\/index.php?rest_route=%2Fwp%2Fv2%2Fcategories&post=343"},{"taxonomy":"post_tag","embeddable":true,"href":"http:\/\/atuaria.sites.uff.br\/index.php?rest_route=%2Fwp%2Fv2%2Ftags&post=343"}],"curies":[{"name":"wp","href":"https:\/\/api.w.org\/{rel}","templated":true}]}}