{"id":1299,"date":"2017-08-14T18:07:38","date_gmt":"2017-08-14T21:07:38","guid":{"rendered":"http:\/\/atuaria.sites.uff.br\/?page_id=1299"},"modified":"2017-08-14T18:15:45","modified_gmt":"2017-08-14T21:15:45","slug":"ingresso-especial","status":"publish","type":"page","link":"http:\/\/atuaria.sites.uff.br\/?page_id=1299","title":{"rendered":"Ingresso Especial"},"content":{"rendered":"<p><strong>Descri\u00e7\u00e3o<\/strong><\/p>\n<p>Inscri\u00e7\u00e3o em Disciplinas\/Atividades Isoladas<\/p>\n<p>Para complementa\u00e7\u00e3o ou atualiza\u00e7\u00e3o de conhecimentos, ser\u00e1 permitida a inscri\u00e7\u00e3o em disciplina isolada, a graduandos desta e de outra institui\u00e7\u00e3o de ensino superior, dependendo da exist\u00eancia de vagas, sem a exig\u00eancia de classifica\u00e7\u00e3o em qualquer forma de concurso.<\/p>\n<p>Em caso de deferimento, o registro do estudante n\u00e3o poder\u00e1 ultrapassar 4 (quatro) per\u00edodos ativados, e o aluno poder\u00e1 cursar no m\u00e1ximo 8 (oito) disciplinas isoladas respeitado o limite de 2 (duas) por semestre letivo.<\/p>\n<p>Ser\u00e1 desligado do cadastro de disciplina isolada o aluno que for reprovado por nota ou freq\u00fc\u00eancia, sem direito \u00e0 recondu\u00e7\u00e3o.<\/p>\n<p><a href=\"http:\/\/www.uff.br\/?q=admissao-aos-cursos-de-graduacao\" target=\"_blank\">Link<\/a><\/p>\n","protected":false},"excerpt":{"rendered":"<p>Descri\u00e7\u00e3o Inscri\u00e7\u00e3o em Disciplinas\/Atividades Isoladas Para complementa\u00e7\u00e3o ou atualiza\u00e7\u00e3o de conhecimentos, ser\u00e1 permitida a inscri\u00e7\u00e3o em disciplina isolada, a graduandos desta e de outra institui\u00e7\u00e3o de ensino superior, dependendo da exist\u00eancia de vagas, sem a exig\u00eancia de classifica\u00e7\u00e3o em qualquer forma de concurso. Em caso de deferimento, o registro do estudante n\u00e3o poder\u00e1 ultrapassar 4 [&hellip;]<\/p>\n","protected":false},"author":47,"featured_media":0,"parent":0,"menu_order":0,"comment_status":"closed","ping_status":"closed","template":"","meta":{"_exactmetrics_skip_tracking":false,"_exactmetrics_sitenote_active":false,"_exactmetrics_sitenote_note":"","_exactmetrics_sitenote_category":0,"footnotes":""},"categories":[],"tags":[],"class_list":["post-1299","page","type-page","status-publish","hentry"],"_links":{"self":[{"href":"http:\/\/atuaria.sites.uff.br\/index.php?rest_route=\/wp\/v2\/pages\/1299","targetHints":{"allow":["GET"]}}],"collection":[{"href":"http:\/\/atuaria.sites.uff.br\/index.php?rest_route=\/wp\/v2\/pages"}],"about":[{"href":"http:\/\/atuaria.sites.uff.br\/index.php?rest_route=\/wp\/v2\/types\/page"}],"author":[{"embeddable":true,"href":"http:\/\/atuaria.sites.uff.br\/index.php?rest_route=\/wp\/v2\/users\/47"}],"replies":[{"embeddable":true,"href":"http:\/\/atuaria.sites.uff.br\/index.php?rest_route=%2Fwp%2Fv2%2Fcomments&post=1299"}],"version-history":[{"count":4,"href":"http:\/\/atuaria.sites.uff.br\/index.php?rest_route=\/wp\/v2\/pages\/1299\/revisions"}],"predecessor-version":[{"id":1310,"href":"http:\/\/atuaria.sites.uff.br\/index.php?rest_route=\/wp\/v2\/pages\/1299\/revisions\/1310"}],"wp:attachment":[{"href":"http:\/\/atuaria.sites.uff.br\/index.php?rest_route=%2Fwp%2Fv2%2Fmedia&parent=1299"}],"wp:term":[{"taxonomy":"category","embeddable":true,"href":"http:\/\/atuaria.sites.uff.br\/index.php?rest_route=%2Fwp%2Fv2%2Fcategories&post=1299"},{"taxonomy":"post_tag","embeddable":true,"href":"http:\/\/atuaria.sites.uff.br\/index.php?rest_route=%2Fwp%2Fv2%2Ftags&post=1299"}],"curies":[{"name":"wp","href":"https:\/\/api.w.org\/{rel}","templated":true}]}}